(z).
161
Let i(m) be the first derivative of m**4/4 + m**3/3 - 3*m**2/2 - m + 118998. Suppose 0*t - 2 = t. What is i(t)?
1
Let h(i) be the third derivative of -i**4/4 + i**3/6 + 3*i**2. Let t(m) = -m**2 - 65*m - 549. Let g be t(-55). What is h(g)?
-5
Let j = 1 - 0. Let m(u) = 4441 + 4448 - 8889 - 40*u. Give m(j).
-40
Let c(a) be the first derivative of -a**3/3 + 23*a**2/2 + 81*a - 198. Let z be c(26). Let j(y) = y**3 - 3*y**2 - 2*y + 3. Calculate j(z).
-3
Suppose 232 = -2*o + 276. Let f(z) = 60 - o*z - 54 + 13*z. Determine f(6).
-48
Let g(h) be the first derivative of 5*h**2 - 5*h - 993. What is g(-3)?
-35
Let f = -218853 + 218851. Let p(r) = 0*r**2 + 2*r**2 + 1 - 2*r**3 + 0*r**2. What is p(f)?
25
Let g(j) be the first derivative of j**4/4 + 13*j**3/3 - 7*j**2 - 2*j - 1. Suppose 0 = -4*b - 19*x + 21*x - 52, 0 = 3*b + 23*x + 88. Determine g(b).
-2
Let a(m) be the third derivative of -2 + 1/30*m**5 - 1/3*m**3 + 1/24*m**4 + 0*m + 105*m**2. Give a(2).
8
Let l(i) = 14*i - 14. Suppose 6 = 3*r - 5*c - 15, 2*r - 6*c - 22 = 0. Give l(r).
14
Let p be (-7)/((-14)/6) + -1. Suppose 2*x - 36 = -p*x. Let l(g) = 7 - g**2 - 6 - x*g + 8*g + 7*g**3. What is l(1)?
6
Let g(b) = -b**3 - 4*b**2 - 2*b - 6. Let y be g(-4). Suppose 1 = 2*q - q, q = f - 2. Let t(k) = -7*k**y - k**f - 75*k + 2 + 33*k + 37*k. Calculate t(-6).
-4
Let p(f) = 7*f**2. Let c be p(-1). Let u be (-8 - -4)/1 + c. Let b(n) = 1 - 2*n + u + 0*n - 2. Give b(2).
-2
Let o be 6188/(-6240) + (-1 - -2). Let s(x) be the third derivative of 0*x + 1/3*x**3 - 1/4*x**4 + 0 - o*x**6 - 14*x**2 + 7/60*x**5. What is s(6)?
2
Let j be 20*(1 - (-1 + 1)). Suppose -q = -11*q + j. Let r be ((-27)/12)/((-13)/8 + q). Let u(f) = f + 4. What is u(r)?
-2
Suppose 9*b - 7*b - 3*y = -9, -5*y + 13 = -3*b. Let t(a) be the second derivative of -a**5/20 - 5*a**4/12 + 5*a**3/6 - 2*a**2 - 7*a. Calculate t(b).
2
Suppose -3*b + 3*g = 7*g + 54, 5*b + g + 107 = 0. Suppose 0 = 2*f - 5*h - 69, -3*h - 34 = 2*f - 63. Let n = b + f. Let u(x) = -x**2 - x - 6. Determine u(n).
-6
Let w(n) = 35*n + 1. Let k(o) = 428*o - 84. Let f(i) = k(i) - 12*w(i). Calculate f(11).
-8
Let r(o) be the third derivative of -o**4/24 + 2*o**3/3 + 16*o**2 - 7*o. What is r(-9)?
13
Let n(z) = 37 + 3*z**2 + 6 - 41 - 20*z**2. What is n(-1)?
-15
Let s be 1/(-3) - -6*24/27. Let i(f) = f**3 - 4*f**2 - 9*f + 31. Let z be i(s). Let q(r) = -16 + 5*r - r + 35 - z. Calculate q(-6).
-16
Let s = -2 + 0. Let m be 5/(-15) - s/6. Let q(z) be the second derivative of -z**5/20 - z**4/12 + 3*z**2/2 - 147*z. Give q(m).
3
Suppose 372 = -64*k - 204. Let c(g) = -g**3 - 10*g**2 - 5*g + 8. Determine c(k).
-28
Suppose -p + 175 = 4*p. Let w(r) = 33 - p - r + 5*r. Let l(s) = s**3 - 3*s**2 + 3*s. Let o be l(2). Give w(o).
6
Let n(r) = r. Let w(v) = -12*v + 53. Let y(m) = 5*n(m) + w(m). Calculate y(8).
-3
Suppose 1 - 6 = -5*f. Let q(w) = w + 1. Let p(t) = 21*t + 42. Let a(l) = f*p(l) - 42*q(l). Let o(c) = -2*c - 47. Let u be o(-23). What is a(u)?
21
Let z be (1690/(-150) + (-9)/(-15))/((-12)/(-18)). Let g(o) = o**3 + 16*o**2 + 8*o + 124. What is g(z)?
-4
Let i = 16389 - 16391. Let f(u) = 2*u**2 - 6*u - 8. What is f(i)?
12
Let i(p) = -2*p**2 - 118*p + 2. Let z be i(-59). Let s(j) = j**3 + j**2 - 9*j + 14. Determine s(z).
8
Let g(c) be the first derivative of -c**4/4 - 3*c**3 + c**2/2 + 9*c + 4. Let n(i) = -5*i + 9. Let y be n(6). Let b = y + 12. Give g(b).
0
Let b(w) = w - 3. Let g = 112 - 102. Suppose g*k - 9*k + 90 = 0. Let n = k - -95. Calculate b(n).
2
Suppose -9 - 27 = -18*y. Let o be ((-1)/y + 0)/(70/1820). Let l(i) = i + 19. What is l(o)?
6
Let k(o) be the third derivative of 9*o**4/8 - 2*o**3/3 - 3*o**2 + 146. Determine k(-2).
-58
Let d(w) = w - 7. Let o be (-21)/9 - ((-12)/(-102) + (-23)/51). Calculate d(o).
-9
Let m(d) = -4*d + 24 - 41*d**2 + 13 - 34. What is m(1)?
-42
Let h be 2*(-20)/(-8) - 3. Let w(s) be the first derivative of 34 + s**2 - 1/4*s**4 - 2/3*s**3 + 2*s. What is w(h)?
-10
Let r(q) be the third derivative of -q**5/60 - q**4/8 - q**3/3 + 2*q**2. Let m be 7*(-48)/280*(-10)/(-4). What is r(m)?
-2
Let p(i) = -28 - 4396*i + 2204*i + 2200*i + 2*i**2 - i**3 - 13*i**2. Calculate p(-12).
20
Let h(w) be the second derivative of -13*w**8/6720 + w**7/2520 - w**5/120 + 3*w**4/2 + 24*w - 1. Let x(t) be the third derivative of h(t). Give x(-1).
13
Let m(l) be the first derivative of l**4/4 - 10*l**3/3 + 11*l**2/2 - 8*l - 88. Let d = 239 - 230. Give m(d).
10
Let h(y) = 53*y + 15*y**2 - 12 + 84*y - 1 + 36 - 7. Give h(-9).
-2
Let p(q) = 163*q. Let r(s) = 51*s - 1. Let u(t) = p(t) - 2*r(t). Give u(-1).
-59
Let b be 380/55 + 30/(-33). Let t(r) = -r + 5. Let k(a) = -2*a + 11. Let z(u) = -3*k(u) + 7*t(u). Determine z(b).
-4
Suppose -25*x = 495 + 446 - 316. Let f(a) = -a**3 - 25*a**2 + 4. What is f(x)?
4
Let s(l) = -8*l + 13. Let x(k) = 11*k - 20. Let b(p) = -7*s(p) - 5*x(p). Suppose 0*d + 75 = 5*d. Let g = d - 20. Determine b(g).
4
Let g(b) be the third derivative of b**6/120 - 13*b**5/60 - 47*b**4/24 - 16*b**3/3 - 401*b**2. What is g(16)?
-16
Let j = 114 + -113. Let h(b) = -4*b - 7 + 2*b - 2*b + 5*b. Let x(s) = -1. Let n(q) = h(q) - 6*x(q). Give n(j).
0
Let v(s) be the third derivative of -s**7/2520 + s**6/60 + 3*s**5/20 - 5*s**4/24 + 10*s**3/3 + 120*s**2. Let g(c) be the second derivative of v(c). Give g(13).
5
Let o(t) = 7*t**2 + 63. Let q(j) = 4*j**2 + 46. Let c(h) = -5*o(h) + 7*q(h). Give c(-3).
-56
Let m(i) = i**3 - 7*i**2 - 9*i + 10. Let g = 41 - 39. Suppose -5*d - 2*c + 41 = -3*c, -2*c + 14 = g*d. Calculate m(d).
2
Let d(z) = -3*z + 4 - 6 + 5. Suppose 4*m + 4*m = 368. Suppose -x = -48 + m. Give d(x).
-3
Let j(i) = -i**2 - 6. Let c be 146/24 - (3800/(-480) - 8*-1). What is j(c)?
-42
Suppose 157*p - 64 = 165*p. Let o(z) be the third derivative of -z**6/120 - 7*z**5/60 + 5*z**4/24 - 2*z**3/3 + 7*z**2. What is o(p)?
20
Let y(t) = t**3 - 28*t**2 + 3*t - 29. Let d(m) = -7*m - 280. Let h be d(-44). What is y(h)?
55
Suppose 173*d - 234*d = 0. Let x(l) be the second derivative of l - 3/2*l**2 + 0 + 0*l**3 + 1/12*l**4. Give x(d).
-3
Suppose 3*w = w + 2*j, -2*w + 5*j = 6. Let m(q) = -4*q**3 + 4*q**2 + 8 + 5*q**3 - 4*q**2 - 12*q - 10*q**w. What is m(11)?
-3
Let u(r) = -2*r**2 - 30*r + 5. Let k be (((-282)/12)/(-47))/(1/(-30)). What is u(k)?
5
Suppose 5*p - 9 = 3*q, 0 = -2*q + 3*p - 1 - 4. Let g(s) = 8*s + 3 + s**q - 19*s + 12*s. Calculate g(0).
3
Let m = -2 - 19. Let o = -21 - m. Let b(f) = o*f - 2 - f + 8. Determine b(7).
-1
Suppose 7*j - 347 + 32 = 0. Let h(l) = -51 - 45 - j + 143 - l. Calculate h(7).
-5
Let y = -8 - -12. Let u = y + -10. Let p(b) = -2 - 2*b + b + 4*b + 6 - 2*b. Determine p(u).
-2
Let a(l) = -l**3 - 11*l**2 - 22*l + 10. Let y be 8*(-2)/(2 + -1 + 1). Determine a(y).
-6
Let k(z) = 113*z + 117*z - 227*z + 4. Suppose 110 = 4*h + 5*x, 0 = 4*h + x - 0*x - 102. Suppose -20*b + h*b + 15 = 0. Give k(b).
-5
Let k = 40 - 32. Suppose 11*c = k*c - 177. Let p = c - -54. Let w(z) = -z**2 - 4*z - 7. Determine w(p).
-12
Let k(j) = -19*j**2 + 13*j + 14. Let o(v) = 10*v**2 - 7*v - 8. Let z(u) = -6*k(u) - 11*o(u). Give z(3).
37
Let y = 75505/24 + -3146. Let n(g) be the third derivative of -1/6*g**3 + 0 + y*g**4 + 10*g**2 + 0*g. What is n(-5)?
-6
Suppose -5*a + 10 = -205. Suppose a = -5*x - n - 2, -45 = 5*x + 4*n. Let m(w) = -w**2 - 9*w + 4. Give m(x).
4
Let n(b) = -b**2 - 11*b - 25. Let a be n(-7). Let v(w) be the third derivative of -26*w**2 + 0*w - 1/60*w**5 + 5/6*w**a + 0 + 1/6*w**4. What is v(4)?
5
Let l be 0/(-9) + 3 + -6. Let a(c) = -c**2 + 3*c + 3. Give a(l).
-15
Let t(i) be the third derivative of -i**5/60 + i**4/8 + 11*i**3/2 - 1770*i**2. What is t(6)?
15
Suppose 18 = -4*k + 6, -12 = c + 4*k. Let p(a) = 3*a**3 - 10*a**2 - 9. Let d(r) = 4*r**3 - 14*r**2 - 14. Let s(g) = -5*d(g) + 7*p(g). What is s(c)?
7
Let g(r) = 6*r**3 + 2*r**2 - 8*r - 7. Let u(o) = 5*o**3 + 3*o**2 - 9*o - 8. Let c be (38/(-95))/((-4)/40). Let d(a) = c*g(a) - 5*u(a). Determine d(-8).
-28
Suppose 0 = -21*g + 30*g. Let y(w) be the third derivative of g*w + 1/3*w**3 - 14*w**2 + 1/60*w**5 + 0 + 1/24*w**4. Give y(-2).
4
Let z(r) = 4*r + 14. Let j(w) = 5*w + 1. Let f(b) = -4*b. Let v(q) = -6*f(q) - 5*j(q). Let u(o) = 7*v(o) + 2*z(o). Calculate u(7).
0
Let h(k) = 3*k + 32097 + 0*k - 4*k - 32079. Calculate h(19).
-1
Let z(j) = 